4. Suppose 0 = 3*y - 0*y - 24. Calculate the greatest common factor of s and y.
8
Let b(p) = -p**2 + p + 16. Let d be b(6). Let q be (-18)/d - (-2)/(-7). Calculate the highest common factor of q and 2.
1
Let p(i) = -i**2 - 9*i - 2. Let o be p(-7). Suppose -2*s - 4*w + 21 = -47, -5*s + 3*w + 144 = 0. Calculate the greatest common factor of o and s.
6
Suppose -15 = -3*b, 4*y - 3*y + 5*b = 24. Let f = y - -24. What is the highest common factor of f and 46?
23
Let g(i) = -17*i - 1. Let a be g(-1). Let p = -43 + a. Let d be ((-6)/1)/(p/90). Calculate the highest common factor of d and 220.
20
Suppose -4*x - 68 = -4*u, 0*u - u - 5*x + 5 = 0. Let t be (u/25)/((-2)/(-10)). Let o be (2 - t) + 12 + -2. Calculate the greatest common factor of o and 1.
1
Suppose -3*o + 246 = 3*y, 0 = -y + 3*y + 4*o - 168. Suppose 2*p - p = 69. Let r = p - 37. What is the greatest common factor of y and r?
16
Let t(z) = z**3 + 11*z**2 - 8*z - 144. Let l be t(-10). What is the greatest common divisor of 32 and l?
4
Suppose 4*m + 1 = 21. Let p = -4 - -7. Let i = m - p. Calculate the greatest common factor of i and 18.
2
Let m be 8/6*(-54)/(-12). Suppose p = 3*p - m. What is the greatest common factor of p and 1?
1
Suppose -1215 - 395 = -35*s. Calculate the greatest common divisor of s and 299.
23
Suppose -17*c + 15*c - 22 = 0. Let j be (-559)/c - (-11)/(968/16). Calculate the highest common factor of j and 3.
3
Let b(m) = 26*m - 4. Let t be b(5). Suppose -363 = 14*x - 43*x + 1203. What is the greatest common divisor of x and t?
18
Suppose -4*h - 2 = -3*t, 5*t = -7*h + 2*h + 50. Let d be ((-3)/9*0)/2. Let f = d + t. Calculate the highest common factor of 6 and f.
6
Suppose 13*i - 227 - 98 = 0. Calculate the greatest common divisor of 35 and i.
5
Let r be -12*(366/(-27) + (-4)/(-18)). Suppose -2*w + 58 = 4*a + 2, -138 = -4*w + 5*a. Calculate the greatest common factor of r and w.
32
Let j = -674 + 1045. Let x = -180 + j. Let u = -55 + x. What is the highest common divisor of 17 and u?
17
Let h = 851 - 552. What is the greatest common factor of 46 and h?
23
Suppose -8*t + 6*t = 2. Let w be (-2 - 5) + t + 3. Let m be (28/w)/(12/(-150)). What is the greatest common factor of 10 and m?
10
Let k = 1233 - 271. What is the highest common factor of 74 and k?
74
Let k be ((-34)/4)/(((-84)/(-8))/(-21)). Let m be 36*2 + -2 + 1 + -3. What is the highest common factor of k and m?
17
Let l be (-1)/(-3) + (-1)/3. Let n(o) = o**3 - 5*o**2 + 3*o + 11. Let r be n(3). Suppose r*b - 64 - 16 = l. Calculate the highest common divisor of 10 and b.
10
Let s = -49 - -95. Let q be 69*(-4)/(-12)*1. What is the greatest common factor of s and q?
23
Let c(h) = -2*h - 55. Let l(i) = 3*i + 55. Let k(u) = -5*c(u) - 4*l(u). Let v be k(16). Let y = -197 + 358. What is the highest common divisor of v and y?
23
Suppose 17*i - 30*i + 8775 = 0. Calculate the greatest common factor of i and 60.
15
Suppose 0 = r + 1, a + 132 = -2*r + 229. Calculate the highest common factor of 11 and a.
11
Let o be 7/(-35) - 18/10. Let c be 9 - (1 + -3 - o). Let h(w) = 8*w**3 + 3*w**2 - 4. Let i be h(2). What is the highest common factor of i and c?
9
Let j(w) = 51*w - 671. Let p be j(63). Calculate the highest common factor of 82 and p.
82
Let d = -19 - -40. Suppose -d = -2*x + 27. Let t = -89 + 209. What is the greatest common factor of x and t?
24
Let g = -1987 + 2014. Calculate the highest common divisor of 42 and g.
3
Suppose 2*z - 3*l - 7 = 0, -5*z + 0*z = -4*l - 21. Let o = z + 0. Let k be ((-35)/(-14))/((-4)/(-88)). Calculate the highest common divisor of k and o.
5
Let i = 619 + -573. Calculate the greatest common divisor of 4 and i.
2
Let x be (110/25)/((-2)/(-10)). Let y(t) = -t**3 + 7*t**2 - 10. Let h be y(7). Let n = x + h. What is the greatest common factor of n and 48?
12
Let m be (-93)/12 + (-1)/4. Let f(a) = a**3 + 7*a**2 - 11*a + 6. Let q be f(m). Calculate the highest common factor of q and 15.
15
Suppose y - 115 = -5*k - 0*y, -4*y + 100 = 5*k. Let h be (-3)/(-4) + 4715/(-20). Let q = 355 + h. What is the highest common divisor of q and k?
24
Suppose -r = 3*r - 428. Suppose 3*g + r = b + b, 4*g = -3*b + 135. Let o be ((-2)/(-3))/(4/42). What is the greatest common divisor of b and o?
7
Let c = 10 - -6. Let d be 2*-3*(-24)/9. What is the highest common divisor of c and d?
16
Let g(i) = i + 20. Let u be g(-17). Suppose -u*m - 21 = -2*s, -2 = 2*m - 8. What is the greatest common factor of s and 105?
15
Suppose 113*q - 116*q + 102 = 0. Calculate the highest common divisor of q and 34.
34
Let f be (-12 - -23)*(16/(-2))/(-2). What is the greatest common divisor of f and 154?
22
Suppose 59 = 8*h - 21. Let p = h - -29. Calculate the highest common divisor of p and 312.
39
Let f be (0*((-36)/8 - -4))/(-2). Suppose f = 3*b + 18 - 54. Calculate the greatest common factor of b and 132.
12
Suppose 15*g - 13*g = 462. Calculate the greatest common factor of 33 and g.
33
Let v be ((2 - 7)/(-5))/(1/25). Suppose 20*h - v*h + 105 = 0. Calculate the highest common factor of h and 126.
21
Let m = 2456 - 2266. What is the greatest common factor of 798 and m?
38
Let q be ((-16)/(-12))/(8/(-36)) - -20. What is the highest common divisor of q and 105?
7
Let n(y) be the second derivative of y**5/20 + y**4/2 - 4*y**3/3 - 5*y. Let q be n(-7). What is the greatest common divisor of 7 and q?
7
Let a be 70/(-7)*(0 + -4). Suppose 3*r - 12 = 12. Let j = a - r. Calculate the greatest common factor of j and 16.
16
Suppose 55*j - 247 = 56*j. Let v be 5/(-1)*1104/15. Let t = j - v. What is the greatest common divisor of 11 and t?
11
Let d be 4/(-12) + 16/3. Suppose 2 = -3*f - 5*i + 222, i + 404 = 5*f. Suppose d*c + f = 255. Calculate the greatest common divisor of c and 7.
7
Let p(o) = 17*o + 7. Let v(a) = -a + 14. Let r be v(10). Let n be p(r). What is the greatest common factor of n and 15?
15
Suppose -3*b = 2*b - 385. What is the highest common factor of 308 and b?
77
Let s = 75 + -42. What is the greatest common factor of s and 99?
33
Let q be 23777/39 - 4/6. Suppose -21*l - q = -24*l. Calculate the highest common factor of 29 and l.
29
Let s(n) = 6*n**2 - 10*n - 13. Let k be s(11). What is the greatest common divisor of 9 and k?
9
Suppose -r + 2240 = 13*r. Let o(c) = 11*c - 2. Let t be o(2). What is the greatest common factor of r and t?
20
Suppose 6*w - 110 = -20. What is the highest common divisor of w and 5?
5
Let w(s) = -s**3 + 6*s**2 - s - 8. Let i be w(5). Calculate the greatest common divisor of 48 and i.
12
Suppose -4*i + 281 = -12*m + 7*m, -2*i - 4*m = -108. What is the greatest common factor of 8 and i?
8
Let i = 5 - 1. Suppose -10*g + 26*g - 48 = 0. Suppose g*w - 55 = 5. Calculate the greatest common divisor of i and w.
4
Suppose 4*t - 147 = s, 5*s + 2 = t - 49. Calculate the highest common factor of t and 108.
36
Suppose -14*u - 60 = -10*u. Let o = u - -25. What is the greatest common divisor of o and 4?
2
Let u = -9 - -39. Let i(p) = -p**3 - 5*p**2 - 4*p - 5. Let w be i(-5). What is the greatest common factor of u and w?
15
Let y be 458 + 4/(-10) + (-119)/(-35). Suppose 5*n = 4*c + 1804, 4*c + 983 + y = 4*n. Calculate the greatest common divisor of n and 40.
40
Suppose -c - 4*l - 10 = 0, -112*c + 108*c + 3*l + 74 = 0. Suppose 5*d - 4 = -r + 142, -3*r = 2*d - 386. What is the highest common divisor of c and r?
14
Let g be (1/(-2))/((-2)/20). Suppose 21 = -g*z + 56. Suppose 23*v = 28*v - 385. What is the highest common divisor of z and v?
7
Let j be 39/(-6) - 1/2. Let t = j + 39. Let h be (-4)/(-3)*(9 - 6). Calculate the highest common factor of t and h.
4
Let a be (-46)/4*14/7. Let d = -3 - a. Suppose -500 = -2*n - 3*n. Calculate the greatest common factor of d and n.
20
Let z be ((-30)/(-9))/((-5)/15). Let c be z/(-3)*(-96)/(-10). Calculate the greatest common divisor of c and 4.
4
Suppose -5*c = -3*x - 3, -c - 2*x - 3 = x. Let u be -9*-2*(c + (-1)/(-3)). What is the highest common factor of 3 and u?
3
Suppose 1520 = 3*a - 4*t, 3*a - 7*a = 4*t - 2064. Calculate the greatest common divisor of 64 and a.
64
Suppose 3*u - 7*u = -36. Let a = 8 - u. Let y be a - (0 - 86) - 1. Calculate the greatest common divisor of y and 12.
12
Let k = 2160 - 2148. Calculate the greatest common divisor of 708 and k.
12
Let c be 49/(-3)*(-17)/(85/540